he remainder when 650 is divided by 233?
184
What is the remainder when 107 is divided by 55?
52
What is the remainder when 126 is divided by 97?
29
What is the remainder when 1133 is divided by 20?
13
What is the remainder when 96 is divided by 10?
6
What is the remainder when 14 is divided by 9?
5
What is the remainder when 25688 is divided by 10?
8
Calculate the remainder when 726 is divided by 56.
54
Calculate the remainder when 8510 is divided by 64.
62
What is the remainder when 17845 is divided by 14?
9
Calculate the remainder when 304 is divided by 16.
0
What is the remainder when 55 is divided by 13?
3
Calculate the remainder when 487 is divided by 30.
7
Calculate the remainder when 19 is divided by 2.
1
Calculate the remainder when 153 is divided by 13.
10
What is the remainder when 77 is divided by 3?
2
What is the remainder when 23490 is divided by 17?
13
Calculate the remainder when 1153 is divided by 286.
9
What is the remainder when 6757 is divided by 104?
101
Calculate the remainder when 2308 is divided by 68.
64
Calculate the remainder when 997 is divided by 61.
21
Calculate the remainder when 93 is divided by 80.
13
What is the remainder when 54 is divided by 31?
23
Calculate the remainder when 756 is divided by 186.
12
What is the remainder when 215 is divided by 75?
65
What is the remainder when 997 is divided by 193?
32
Calculate the remainder when 124 is divided by 20.
4
Calculate the remainder when 48 is divided by 20.
8
Calculate the remainder when 55 is divided by 17.
4
What is the remainder when 29192 is divided by 37?
36
Calculate the remainder when 14878 is divided by 62.
60
What is the remainder when 994 is divided by 167?
159
What is the remainder when 331 is divided by 67?
63
What is the remainder when 113 is divided by 33?
14
Calculate the remainder when 8 is divided by 3.
2
Calculate the remainder when 58 is divided by 37.
21
Calculate the remainder when 121 is divided by 57.
7
Calculate the remainder when 245 is divided by 41.
40
Calculate the remainder when 468 is divided by 24.
12
Calculate the remainder when 17 is divided by 4.
1
What is the remainder when 466 is divided by 140?
46
What is the remainder when 387 is divided by 78?
75
Calculate the remainder when 9421 is divided by 14.
13
What is the remainder when 734 is divided by 35?
34
Calculate the remainder when 114 is divided by 60.
54
Calculate the remainder when 13791 is divided by 38.
35
What is the remainder when 10146 is divided by 58?
54
Calculate the remainder when 10 is divided by 4.
2
Calculate the remainder when 195 is divided by 94.
7
What is the remainder when 432 is divided by 73?
67
What is the remainder when 101 is divided by 7?
3
Calculate the remainder when 286 is divided by 17.
14
Calculate the remainder when 2801 is divided by 26.
19
Calculate the remainder when 2571 is divided by 2568.
3
What is the remainder when 1110 is divided by 7?
4
What is the remainder when 781 is divided by 27?
25
Calculate the remainder when 4093 is divided by 64.
61
What is the remainder when 30 is divided by 15?
0
Calculate the remainder when 2080 is divided by 1035.
10
Calculate the remainder when 238 is divided by 8.
6
What is the remainder when 178 is divided by 60?
58
What is the remainder when 213 is divided by 27?
24
What is the remainder when 595 is divided by 46?
43
Calculate the remainder when 313 is divided by 52.
1
What is the remainder when 1006 is divided by 479?
48
What is the remainder when 2623 is divided by 82?
81
What is the remainder when 5283 is divided by 151?
149
What is the remainder when 3965 is divided by 27?
23
What is the remainder when 2261 is divided by 174?
173
Calculate the remainder when 130 is divided by 34.
28
Calculate the remainder when 977 is divided by 9.
5
Calculate the remainder when 917 is divided by 42.
35
What is the remainder when 113 is divided by 32?
17
Calculate the remainder when 102 is divided by 21.
18
What is the remainder when 270 is divided by 88?
6
Calculate the remainder when 10309 is divided by 8.
5
What is the remainder when 799 is divided by 101?
92
What is the remainder when 1245 is divided by 104?
101
Calculate the remainder when 59 is divided by 16.
11
Calculate the remainder when 70 is divided by 44.
26
What is the remainder when 130 is divided by 22?
20
What is the remainder when 829 is divided by 167?
161
Calculate the remainder when 328 is divided by 117.
94
What is the remainder when 1171 is divided by 29?
11
Calculate the remainder when 3330 is divided by 68.
66
What is the remainder when 2113 is divided by 4?
1
What is the remainder when 38 is divided by 24?
14
What is the remainder when 10 is divided by 2?
0
Calculate the remainder when 1281 is divided by 427.
0
What is the remainder when 161 is divided by 83?
78
Calculate the remainder when 94 is divided by 12.
10
Calculate the remainder when 74 is divided by 40.
34
Calculate the remainder when 1717 is divided by 8.
5
What is the remainder when 95 is divided by 94?
1
Calculate the remainder when 45 is divided by 6.
3
What is the remainder when 159 is divided by 137?
22
What is the remainder when 50 is divided by 39?
11
What is the remainder when 690 is divided by 18?
6
Calculate the remainder when 286 is divided by 72.
70
Calculate the remainder when 490 is divided by 41.
39
What is the remainder when 22688 is divided by 9?
8
What is the remainder when 121 is divided by 4?
1
What is the remainder when 21 is divided by 21?
0
What is the remainder when 1576 is divided by 784?
8
What is the remainder when 106 is divided by 78?
28
Calculate the remainder when 287 is divided by 29.
26
What is the remainder when 241 is divided by 83?
75
Calculate the remainder when 77 is divided by 20.
17
What is the remainder when 15337 is divided by 52?
49
What is the remainder when 33 is divided by 23?
10
What is the remainder when 233 is divided by 39?
38
What is the remainder when 2796 is divided by 117?
105
What is the remainder when 2199 is divided by 31?
29
Calculate the remainder when 2775 is divided by 7.
3
Calculate the remainder when 147 is divided by 40.
27
What is the remainder when 1957 is divided by 37?
33
What is the remainder when 2818 is divided by 60?
58
Calculate the remainder when 334 is divided by 24.
22
What is the remainder when 477 is divided by 99?
81
What is the remainder when 348 is divided by 53?
30
What is the remainder when 208 is divided by 108?
100
What is the remainder when 1082 is divided by 345?
47
Calculate the remainder when 303 is divided by 78.
69
What is the remainder when 130 is divided by 48?
34
What is the remainder when 55 is divided by 42?
13
What is the remainder when 340 is divided by 31?
30
Calculate the remainder when 361 is divided by 93.
82
Calculate the remainder when 330 is divided by 54.
6
Calculate the remainder when 1854 is divided by 8.
6
Calculate the remainder when 355 is divided by 44.
3
Calculate the remainder when 3100 is divided by 239.
232
Calculate the remainder when 81 is divided by 12.
9
What is the remainder when 809 is divided by 60?
29
What is the remainder when 131 is divided by 35?
26
What is the remainder when 134 is divided by 53?
28
What is the remainder when 2048 is divided by 186?
2
Calculate the remainder when 375 is divided by 10.
5
What is the remainder when 227 is divided by 168?
59
What is the remainder when 104 is divided by 24?
8
What is the remainder when 1297 is divided by 322?
9
Calculate the remainder when 6686 is divided by 22.
20
What is the remainder when 149 is divided by 19?
16
Calculate the remainder when 356 is divided by 87.
8
Calculate the remainder when 46 is divided by 19.
8
What is the remainder when 1838 is divided by 6?
2
What is the remainder when 2401 is divided by 1199?
3
Calculate the remainder when 47 is divided by 12.
11
Calculate the remainder when 317 is divided by 29.
27
Calculate the remainder when 247 is divided by 7.
2
Calculate the remainder when 341 is divided by 43.
40
What is the remainder when 108 is divided by 15?
3
Calculate the remainder when 66 is divided by 5.
1
What is the remainder when 4129 is divided by 106?
101
What is the remainder when 62 is divided by 38?
24
What is the remainder when 4408 is divided by 147?
145
What is th